?
False
Is 34580 a multiple of 20?
True
Does 108 divide 2160?
True
Does 38 divide 5548?
True
Is 1464 a multiple of 6?
True
Does 17 divide 119?
True
Is 2446 a multiple of 67?
False
Is 6 a factor of 552?
True
Is 11 a factor of 1000?
False
Is 8 a factor of 54598?
False
Is 35 a factor of 660?
False
Does 17 divide 7990?
True
Is 14933 a multiple of 3?
False
Does 9 divide 425?
False
Is 47 a factor of 1251?
False
Is 30746 a multiple of 16?
False
Does 17 divide 323?
True
Is 1069 a multiple of 10?
False
Is 1926 a multiple of 18?
True
Does 23 divide 828?
True
Is 42 a factor of 14187?
False
Does 60 divide 171556?
False
Is 41 a factor of 15908?
True
Does 40 divide 6672?
False
Is 357 a multiple of 21?
True
Does 37 divide 3036?
False
Is 8264 a multiple of 23?
False
Does 13 divide 1599?
True
Is 17 a factor of 1016?
False
Is 3300 a multiple of 100?
True
Is 34 a factor of 3597?
False
Does 14 divide 665?
False
Is 5 a factor of 171?
False
Is 27 a factor of 5697?
True
Does 11 divide 2796?
False
Is 69 a factor of 2622?
True
Is 22780 a multiple of 5?
True
Is 9 a factor of 15462?
True
Does 66 divide 1675?
False
Does 33 divide 495?
True
Does 118 divide 39759?
False
Does 21 divide 9366?
True
Is 3710 a multiple of 70?
True
Is 57 a factor of 6384?
True
Does 107 divide 7334?
False
Does 6 divide 1842?
True
Is 11395 a multiple of 3?
False
Is 79 a factor of 16274?
True
Is 18170 a multiple of 79?
True
Is 17526 a multiple of 23?
True
Is 44 a factor of 41479?
False
Is 14 a factor of 1140?
False
Does 9 divide 20037?
False
Does 7 divide 344?
False
Is 116 a factor of 34381?
False
Is 7743 a multiple of 29?
True
Is 3 a factor of 162?
True
Is 239 a multiple of 21?
False
Does 10 divide 2550?
True
Is 3113 a multiple of 7?
False
Does 91 divide 3913?
True
Does 11 divide 198?
True
Is 6684 a multiple of 6?
True
Does 32 divide 21216?
True
Is 344 a multiple of 29?
False
Is 23 a factor of 299?
True
Does 9 divide 776?
False
Is 36 a factor of 576?
True
Is 173 a multiple of 2?
False
Is 30 a factor of 4477?
False
Does 19 divide 9652?
True
Does 21 divide 934?
False
Does 8 divide 718?
False
Does 14 divide 6356?
True
Is 58469 a multiple of 25?
False
Does 47 divide 426?
False
Is 14 a factor of 363?
False
Is 15 a factor of 32542?
False
Is 4 a factor of 152?
True
Is 144 a multiple of 2?
True
Does 2 divide 110?
True
Does 82 divide 1168?
False
Is 10 a factor of 600?
True
Does 43 divide 2623?
True
Is 1260 a multiple of 20?
True
Is 25055 a multiple of 16?
False
Is 11374 a multiple of 121?
True
Is 924 a multiple of 42?
True
Does 24 divide 1195?
False
Is 41 a factor of 8356?
False
Is 2 a multiple of 2?
True
Is 17 a factor of 2198?
False
Is 6413 a multiple of 121?
True
Does 32 divide 818?
False
Does 19 divide 2185?
True
Is 16 a factor of 23300?
False
Is 65 a factor of 59150?
True
Is 27 a factor of 1886?
False
Does 11 divide 12895?
False
Is 11 a factor of 113?
False
Is 544 a multiple of 39?
False
Is 560 a multiple of 10?
True
Is 32 a factor of 352?
True
Is 1870 a multiple of 29?
False
Is 2633 a multiple of 4?
False
Is 45 a factor of 90?
True
Does 20 divide 480?
True
Does 163 divide 4401?
True
Is 10 a factor of 17840?
True
Is 189 a factor of 5859?
True
Does 2 divide 87?
False
Is 58 a factor of 9662?
False
Is 7504 a multiple of 8?
True
Is 3249 a multiple of 57?
True
Does 182 divide 14281?
False
Is 43 a factor of 5934?
True
Does 35 divide 574?
False
Is 96 a factor of 3072?
True
Is 7 a factor of 605?
False
Is 9143 a multiple of 41?
True
Is 7 a factor of 1569?
False
Does 4 divide 16324?
True
Is 5454 a multiple of 101?
True
Is 159180 a multiple of 12?
True
Does 16 divide 4153?
False
Is 9801 a multiple of 36?
False
Is 117 a factor of 310?
False
Is 5 a factor of 145?
True
Does 82 divide 3379?
False
Is 70 a factor of 7560?
True
Does 86 divide 22428?
False
Is 9426 a multiple of 33?
False
Is 27244 a multiple of 139?
True
Is 730 a multiple of 53?
False
Does 8 divide 10467?
False
Is 10148 a multiple of 4?
True
Is 2148 a multiple of 9?
False
Is 51 a factor of 13413?
True
Does 223 divide 83657?
False
Does 17 divide 833?
True
Is 13 a factor of 58019?
True
Does 17 divide 205?
False
Does 4 divide 1480?
True
Is 175 a multiple of 6?
False
Is 66 a factor of 1353?
False
Is 6 a factor of 13918?
False
Is 12 a factor of 30144?
True
Does 69 divide 593?
False
Does 35 divide 47635?
True
Is 2015 a multiple of 65?
True
Is 1235 a multiple of 104?
False
Is 2055 a multiple of 45?
False
Is 1782 a multiple of 27?
True
Is 68 a factor of 4175?
False
Does 11 divide 451?
True
Does 9 divide 2412?
True
Does 37 divide 5587?
True
Is 42 a factor of 1866?
False
Is 17278 a multiple of 38?
False
Does 8 divide 6451?
False
Does 29 divide 9512?
True
Does 46 divide 690?
True
Does 3 divide 761?
False
Is 485 a multiple of 7?
False
Does 3 divide 516?
True
Is 1170 a multiple of 6?
True
Does 30 divide 251?
False
Is 28 a factor of 453?
False
Is 4293 a multiple of 27?
True
Is 84188 a multiple of 13?
True
Is 40 a factor of 800?
True
Is 2 a factor of 3794?
True
Does 2 divide 19?
False
Is 20 a factor of 88?
False
Is 3570 a multiple of 17?
True
Is 13 a factor of 27993?
False
Is 12 a factor of 1651?
False
Is 700 a multiple of 28?
True
Does 4 divide 112?
True
Does 10 divide 20110?
True
Is 9179 a multiple of 137?
True
Does 8 divide 119?
False
Is 8 a factor of 11860?
False
Is 33 a factor of 1114?
False
Does 9 divide 69957?
True
Does 93 divide 186?
True
Is 8 a factor of 353?
False
Is 357 a multiple of 17?
True
Is 15 a factor of 8629?
False
Is 21 a factor of 1741?
False
Is 1392 a multiple of 41?
False
Is 692 a multiple of 25?
False
Does 11 divide 4785?
True
Is 19 a factor of 1846?
False
Is 7031 a multiple of 89?
True
Is 148 a factor of 7252?
True
Does 44 divide 4073?
False
Does 39 divide 2223?
True
Is 35 even?
False
Is 313 a multiple of 7?
False
Does 10 divide 7182?
False
Does 37 divide 5341?
False
Is 9 a factor of 110?
False
Does 2 divide 1096?
True
Is 34992 a multiple of 24?
True
Is 125 a factor of 5000?
True
Is 2339 a multiple of 20?
False
Is 43 a factor of 1824?
False
Is 11 a factor of 476?
False
Does 21 divide 4746?
True
Does 7 divide 21931?
True
Is 5047 a multiple of 23?
False
Is 902 a multiple of 22?
True
Does 168 divide 20546?
False
Does 24 divide 1152?
True
Is 75 a multiple of 5?
True
Is 10 a factor of 5684?
False
Does 52 divide 18016?
False
Is 4410 a multiple of 126?
True
Is 11 a factor of 15813?
False
Does 2 divide 2494?
True
Is 7 a factor of 441?
True
Is 28742 a multiple of 245?
False
Is 294 a multiple of 42?
True
Is 9 a factor of 1666?
False
Is 13 a factor of 79340?
False
Is 7 a factor of 347?
False
Is 52044 a multiple of 57?
False
Is 8888 a multiple of 22?
True
Is 4128 a multiple of 13?
False
Is 10 a factor of 23634?
False
Is 1147 a multiple of 26?
False
Is 469 a multiple of 20?
False
Is 2580 a multiple of 20?
True
Is 67837 a multiple of 66?
False
Is 985 a multiple of 5?
True
Is 84 a multiple of 12?
True
Is 90 a factor of 39870?
True
Is 1764 a multiple of 21?
True
Is 4329 a multiple of 39?
True
Is 8289 a multiple of 27?
True
Is 481 a multiple of 41?
False
Is 4904 a multiple of 8?
True
Is 5 a factor of 3438?
False
Is 34 a factor of 228?
False
Is 2 a factor of 75?
False
Is 19476 a multiple of 36?
True
Does 10 divide 660?
True
Is 20 a factor of 7642?
False
Is 29 a factor of 10208?
True
Is 988 a multiple of 13?
True
Is 52 a factor of 780?
True
Is 2250 a multiple of 90?
True
Does 37 divide 8789?
False
Does 13 divide 32561?
False
Does 17 divide 51?
True
Is 9 a factor of 2712?
False
Is 10 a factor of 2932?
False
Does 37 divide 222?
True
Is 428 a multiple of 4?
True
Is 2340 a multiple of 10?
True
Does 14 divide 764?
False
Is 1320 a multiple of 6?
True
Is 3384 a multiple of 12?
True
Does 45 divide 6559?
False
Does 22 divide 2925?
False
Is 18400 a multiple of 5?
True
Is 127 a factor of 2794?
True
Is 272 even?
True
Is 5825 a multiple of 12?
False
Is 4 a factor of 112?
True
Does 13 divide 1958?
False
Does 33 divide 15633?
False
Is 19 a multiple of 16?
False
Does 21 divide 87747?
False
Is 96 a multiple of 4?
True
Is 10 a factor of 403?
False
Is 2860 a multiple of 10?
True
Does 3 divide 413?
False
Is 51 a factor of 9890?
False
Does 37 divide 8140?
True
Is 624 a multiple of 13?
True
Is 114 a factor of 40242?
True
Is 22 a factor of 828?
False
Is 14964 a multiple of 12?
True